the tens digit of 888633504?
0
What is the hundred thousands digit of 58962046?
9
What is the ten millions digit of 999841603?
9
What is the ten millions digit of 44671095?
4
What is the thousands digit of 409743178?
3
What is the ten millions digit of 736936992?
3
What is the millions digit of 217496916?
7
What is the millions digit of 2386311257?
6
What is the hundreds digit of 134983423?
4
What is the ten thousands digit of 2613241263?
4
What is the hundreds digit of 2378156986?
9
What is the hundred thousands digit of 1429418041?
4
What is the billions digit of 5249315776?
5
What is the thousands digit of 127197733?
7
What is the units digit of 7843185?
5
What is the ten thousands digit of 85315823?
1
What is the units digit of 81036790?
0
What is the hundreds digit of 2117173642?
6
What is the hundred thousands digit of 1012851856?
8
What is the ten millions digit of 44817640?
4
What is the thousands digit of 604394030?
4
What is the tens digit of 58153490?
9
What is the tens digit of 43258420?
2
What is the ten millions digit of 60736232?
6
What is the thousands digit of 49594968?
4
What is the ten millions digit of 1842346641?
4
What is the hundred thousands digit of 43676681?
6
What is the ten thousands digit of 95593056?
9
What is the hundreds digit of 36410739?
7
What is the millions digit of 63647531?
3
What is the units digit of 613031144?
4
What is the hundreds digit of 57503081?
0
What is the ten thousands digit of 3514115440?
1
What is the tens digit of 221111516?
1
What is the units digit of 788756756?
6
What is the ten thousands digit of 65035747?
3
What is the tens digit of 1412275328?
2
What is the hundred thousands digit of 623137936?
1
What is the ten thousands digit of 7770479?
7
What is the millions digit of 660485424?
0
What is the ten thousands digit of 523407301?
0
What is the hundreds digit of 214344495?
4
What is the ten thousands digit of 53731926?
3
What is the units digit of 81027211?
1
What is the tens digit of 1059660311?
1
What is the tens digit of 222739161?
6
What is the hundreds digit of 114072369?
3
What is the thousands digit of 1956680091?
0
What is the ten millions digit of 2156034012?
5
What is the hundred thousands digit of 1425917984?
9
What is the millions digit of 801772371?
1
What is the hundred thousands digit of 67107708?
1
What is the ten thousands digit of 2228411297?
1
What is the hundred millions digit of 108519009?
1
What is the thousands digit of 23020421?
0
What is the millions digit of 3012029370?
2
What is the hundred thousands digit of 105444499?
4
What is the millions digit of 89966848?
9
What is the hundreds digit of 1229601016?
0
What is the hundred thousands digit of 328351897?
3
What is the hundred millions digit of 1108651887?
1
What is the hundred millions digit of 1022622859?
0
What is the ten thousands digit of 136460764?
6
What is the hundred thousands digit of 5459123?
4
What is the ten millions digit of 27132239?
2
What is the hundreds digit of 750125215?
2
What is the tens digit of 112966510?
1
What is the hundred millions digit of 177897966?
1
What is the units digit of 164091680?
0
What is the hundreds digit of 2714247?
2
What is the units digit of 516423600?
0
What is the millions digit of 54521530?
4
What is the hundreds digit of 43777644?
6
What is the ten millions digit of 654739923?
5
What is the hundred millions digit of 136353616?
1
What is the thousands digit of 30138018?
8
What is the thousands digit of 1394563877?
3
What is the hundred thousands digit of 151006431?
0
What is the thousands digit of 107625525?
5
What is the hundreds digit of 5543860852?
8
What is the tens digit of 50733060?
6
What is the ten thousands digit of 8630957?
3
What is the ten thousands digit of 95755615?
5
What is the hundreds digit of 35984550?
5
What is the hundred thousands digit of 3003876241?
8
What is the ten thousands digit of 115495985?
9
What is the hundreds digit of 216189550?
5
What is the hundred millions digit of 1475606860?
4
What is the thousands digit of 6943780910?
0
What is the thousands digit of 44722609?
2
What is the hundred millions digit of 6668068530?
6
What is the hundreds digit of 1880566290?
2
What is the hundreds digit of 114929746?
7
What is the ten thousands digit of 3910855441?
5
What is the hundred thousands digit of 32762713?
7
What is the thousands digit of 6819472?
9
What is the units digit of 82355360?
0
What is the units digit of 246513939?
9
What is the ten millions digit of 103091857?
0
What is the hundred millions digit of 725553376?
7
What is the tens digit of 12223513?
1
What is the hundred millions digit of 473339819?
4
What is the hundred millions digit of 506700049?
5
What is the tens digit of 1219031?
3
What is the ten millions digit of 78298302?
7
What is the thousands digit of 1690011071?
1
What is the ten millions digit of 26726006?
2
What is the hundred thousands digit of 110922404?
9
What is the ten thousands digit of 4041745539?
4
What is the hundred thousands digit of 1248189077?
1
What is the hundred thousands digit of 2734317290?
3
What is the millions digit of 55823357?
5
What is the ten millions digit of 739340759?
3
What is the ten thousands digit of 154630166?
3
What is the ten millions digit of 33306936?
3
What is the thousands digit of 57186137?
6
What is the hundreds digit of 555545195?
1
What is the hundred thousands digit of 249201213?
2
What is the units digit of 147018922?
2
What is the units digit of 48227024?
4
What is the ten millions digit of 1540693032?
4
What is the thousands digit of 274057649?
7
What is the hundred millions digit of 824005496?
8
What is the ten thousands digit of 1494353386?
5
What is the ten millions digit of 3932518797?
3
What is the ten millions digit of 14873670?
1
What is the tens digit of 1347670248?
4
What is the tens digit of 1277660334?
3
What is the ten thousands digit of 327445185?
4
What is the tens digit of 81323596?
9
What is the ten thousands digit of 55498?
5
What is the tens digit of 1889638207?
0
What is the tens digit of 3521038?
3
What is the hundreds digit of 32032461?
4
What is the tens digit of 822680289?
8
What is the hundred thousands digit of 114947202?
9
What is the units digit of 58572514?
4
What is the tens digit of 46441800?
0
What is the units digit of 1299147247?
7
What is the ten millions digit of 84142227?
8
What is the hundreds digit of 1691646670?
6
What is the tens digit of 338826363?
6
What is the ten thousands digit of 110301071?
0
What is the hundred millions digit of 3591347030?
5
What is the millions digit of 2405834?
2
What is the hundred thousands digit of 4510518862?
5
What is the hundred thousands digit of 537143460?
1
What is the thousands digit of 1334217488?
7
What is the hundred millions digit of 1229280768?
2
What is the units digit of 65274429?
9
What is the ten thousands digit of 156602225?
0
What is the ten thousands digit of 281488856?
8
What is the hundred thousands digit of 77466442?
4
What is the billions digit of 5822043857?
5
What is the ten thousands digit of 66711547?
1
What is the tens digit of 2174221?
2
What is the thousands digit of 28693586?
3
What is the units digit of 1034731195?
5
What is the ten millions digit of 131322481?
3
What is the tens digit of 80145554?
5
What is the thousands digit of 9283301632?
1
What is the hundred thousands digit of 6010278?
0
What is the hundred thousands digit of 25233241?
2
What is the ten thousands digit of 5500108317?
0
What is the thousands digit of 52153998?
3
What is the ten millions digit of 1135471782?
3
What is the tens digit of 814943343?
4
What is the thousands digit of 109902461?
2
What is the ten millions digit of 3773924222?
7
What is the hundreds digit of 4552559241?
2
What is the ten thousands digit of 2803793298?
9
What is the hundred thousands digit of 2127549630?
5
What is the tens digit of 1182653344?
4
What is the hundreds digit of 16666575?
5
What is the hundreds digit of 329648931?
9
What is the tens digit of 346949761?
6
What is the ten thousands digit of 127510070?
1
What is the thousands digit of 1307530314?
0
What is the hundred thousands digit of 747154605?
1
What is the billions digit of 1368915321?
1
What is the millions digit of 236829950?
6
What is the units 